
Let u(b) = -25*b**3 + 12*b**2 - 2*b**2 - 8*b**2 - 1. What is u(1)?
-24
Let l(b) be the second derivative of -b**4/12 + 7*b**3/6 - 9*b**2/2 - b + 28. Give l(6).
-3
Let q(g) = -g**3 - 5*g**2 - 2*g - 4. Let p(m) = -m**3 - 9*m**2 - 7*m + 6. Let z be p(-8). Let n be z*(-2)/(-4) - 4. Calculate q(n).
6
Let q = 1 + 0. Let m(k) = -q - 4*k**3 + 3*k**3 + 3 - 5*k**2. Let w be (0 - (-1)/1) + -6. Determine m(w).
2
Let v(s) = 2*s**3 + 15*s**2 - 19*s - 5. Let i = -18 + 16. Let t(z) = -z**3 - 7*z**2 + 9*z + 2. Let x(m) = i*v(m) - 5*t(m). What is x(-6)?
6
Let y(x) = -x**2 - 6*x + 4. Let i(t) = -t**2 - 5*t + 4. Let o(b) = 3*i(b) - 2*y(b). What is o(-6)?
-14
Suppose z - 4*g - 1 = 0, -z + 0*z = -5*g - 5. Let q = z + 9. Let l(o) = o**3 + 6*o**2 - 2*o - 9. Give l(q).
3
Let u(s) = 5*s**2 - s + 1. Suppose -k - r = 2*k + 11, -2*r = -2*k - 18. Let l = -4 - k. Give u(l).
5
Let y(j) = -j**2 - 4*j - 1. Let c be y(-3). Let i(a) be the third derivative of -a**4/6 + a**3/3 + a**2. Determine i(c).
-6
Let t(u) be the second derivative of -u**4/12 + 4*u**3/3 - 5*u**2/2 + 37*u. Calculate t(6).
7
Suppose -2*c = -2 + 6. Let x be (-7 - c)*(-4 - -5). Let h(d) = d + 10. What is h(x)?
5
Let s(y) = y - 2. Let n(b) be the second derivative of 1/6*b**3 - b**2 + 0 - 2*b. Let w be n(2). Determine s(w).
-2
Suppose 2*z + 3 = 4*y + 1, 14 = -2*y - 4*z. Let p = y - -4. Let x(b) be the first derivative of -3*b**2/2 + 3*b - 2. Calculate x(p).
-6
Let s(k) = -29*k - 3 - 5 + 30*k. Let c be s(6). Let g(w) = w**3 + 2*w + 1. Give g(c).
-11
Let u(m) = -m**2 - 3*m + 4. Let p = 5 + 3. Suppose p*q + 5 = 7*q. Calculate u(q).
-6
Let a(p) = -p**3 + p - 4. Let v = -2 + 3. Let t be 7 - 2 - (-1 + v). Suppose 4*j = t*j. What is a(j)?
-4
Let k(g) = -g + 9. Let u(h) = 3*h**3 + 2*h**2 + h. Let t be u(-1). Let n(s) = -s**3 + 4*s**2 + 4*s - 2. Let w be n(5). Let j = t - w. Determine k(j).
4
Let i(c) = -c - c**2 + 0*c**3 - 2*c**3 + 3*c**3 + 9. Give i(0).
9
Let r(o) = o**2 + 5*o - 8. Let s be (-31)/4 + (84/(-16))/(-7). Determine r(s).
6
Let m(g) = 4*g**3 + g**2 - g. Let x be (-1)/((-7)/(-3) - 2). Let i be (20/2)/((-1)/x). Suppose -5*q + i = 5*s, -4*q - s = q - 10. Determine m(q).
4
Suppose -9 = 2*f - 5*f. Suppose f*r - s - 17 = 0, s + 4*s = -2*r. Suppose -r*p = 2*j - 5, 4*p - 5*p = -3*j + 16. Let l(i) = -i**3 + 6*i**2 - 7*i + 7. Give l(j).
-3
Let t(f) be the third derivative of -f**4/12 - 2*f**3/3 + f**2. Let p(b) = b**2 - 14*b - 6. Let z be p(14). Calculate t(z).
8
Let t(f) be the third derivative of -5*f**2 - 1/60*f**5 + 1/3*f**3 + 0 + 0*f - 7/24*f**4. Determine t(-7).
2
Suppose r + r = 4*u + 2, 3*u - 3 = 0. Suppose -16 - 2 = -5*m - 4*b, -m + 5*b = 8. Suppose -m*c = 13 - r. Let v(d) = d + 8. What is v(c)?
3
Let a(s) = 3*s - 4. Let x be -1 + -48 + (-4)/(-2). Let m be x/(-9) - (-2)/(-9). Suppose m*l - 11 = 4. Calculate a(l).
5
Let y(b) = -b**2 + 2*b - 1. Let a be y(2). Let z be 2 - (-1 - a) - 0. Let j(f) = 1 + z*f**2 - f**2 + 0. Calculate j(-1).
2
Let u = -3 + 5. Let d(c) = 0*c**2 - c**2 - 5 + u*c**2 + 4*c - 2. Determine d(-5).
-2
Let k = -84 + 86. Let c(a) = 4*a + 1. Give c(k).
9
Let t(y) = y - 4. Let h be 4 - (5 + -4)*-3. Determine t(h).
3
Let t(k) = 64*k - 10. Let g(x) = -21*x + 3. Let u(r) = -16*g(r) - 5*t(r). Let s(h) = 5*h + 1. Let y(l) = -7*s(l) + 2*u(l). Calculate y(-2).
3
Let r(w) = 6*w**2 + 11*w. Let y(j) = 0*j - 4*j + j**2 + 5*j. Suppose -q + 2*x - 9 = -0*x, 4*x = -q + 15. Let a(h) = q*r(h) + 5*y(h). Give a(-4).
8
Suppose -3*n + 5*z = 2, 7 - 1 = -n + 3*z. Let a = -4 + n. Let t(x) = a*x - 1 - x + 2. What is t(0)?
1
Let j be (8/(-10))/(4/20). Let y(s) = s - 4. Give y(j).
-8
Let g(s) = s**3 + 5*s**2 + 5*s + 1. Let x be g(-4). Let l be -2 + -1 + 6 + x. Let o(p) = p - 5. Determine o(l).
-5
Let h(g) be the first derivative of 1 - 2*g + 4/3*g**3 + g**2 + 1/2*g**4. Suppose -2*t = -0*t + 4. Determine h(t).
-6
Let f be 5 - 3*(0 - -1). Let v(d) = -4*d. Determine v(f).
-8
Let x(o) = 3*o**2 - 2*o**2 - 8 + 9 + 3*o - 3. What is x(-4)?
2
Let o(x) = 2*x + 3*x**2 - 4*x**2 + 2*x + 1. Suppose -5*s + s = -4*b - 40, -2*s + 3*b + 24 = 0. Let p = -1 + s. Determine o(p).
-4
Suppose -5 = -o + 5*d, 0*d = -o - d - 1. Suppose o = -5*s + 5 - 0. Let p(y) = y + 2*y - 6*y - 2*y. Determine p(s).
-5
Let c(d) = -d**2 + 2*d + 5. Let x be (-2)/(-4) - (-18)/4. Let u(l) = -l + 7. Let h be u(4). Suppose h*b + 8 = x*b. Determine c(b).
-3
Let n(a) = 6*a**2 + 2*a - 1. Suppose 0 = 5*o - 6 - 4. Suppose 3 = -4*z + z - 3*u, -o*z + u = -4. Calculate n(z).
7
Let z(a) = -a**2 - 4*a - 4. Let l be z(-3). Let k(m) = -13*m. Determine k(l).
13
Let n = 16 + -7. Let j be ((-42)/(-9))/((-6)/n). Let f(r) = -r**2 - 5*r + 7. Determine f(j).
-7
Let u(j) = -j + 10. Suppose -4*t - 6 = 2*g, -5*g + 3*g = 5*t + 10. Let h be u(g). Let l(r) = -2*r + 7. Calculate l(h).
-3
Let y(x) = -x**2 + 9*x + 2. Let b(p) be the first derivative of -p**3/3 + p**2/2 - p + 4. Let s(v) = 2*b(v) - y(v). Determine s(-6).
2
Let y(f) = -f**3 - 4*f**2 - 2*f - 4. Let c(m) = 3*m**3 + 9*m**2 + 5*m + 8. Let i(k) = -2*c(k) - 5*y(k). What is i(3)?
-5
Suppose 3*n + 2*h + 0*h - 1 = 0, 26 = 2*n - 5*h. Let d(w) = -w**3 + 3*w**2 - 2*w. Calculate d(n).
-6
Let j(y) be the first derivative of y**4/4 - y**2/2 + y - 2. Suppose h + 12 = -3*h. Let o be -3 - (-1)/((-3)/h). Give j(o).
-5
Let a(g) = 3*g - 1. Let d be a(2). Let u(z) = d*z - 1 + 8 - 4*z + 0*z. Give u(-6).
1
Let x(r) = -r**3 + 4*r**2 + 7*r + 1. Let c(t) = -t**3 + 5*t**2 + 8*t + 2. Let v(w) = 5*c(w) - 6*x(w). Give v(-3).
-8
Let y(f) = f**2 + f - 14. Let v be (18/(-8))/((-9)/(-24)). Let d(o) = -o**2 + 13. Let s(p) = v*y(p) - 7*d(p). Give s(6).
-7
Let x(q) = q - 4. Let j = -6 - -11. Let u(g) = g**2 + g. Let w(m) = -7*m**2 + m - 7. Let v(o) = 6*u(o) + w(o). Let p be v(j). Determine x(p).
-1
Let c(n) be the first derivative of -n**6/120 + n**5/20 - n**4/12 + n**3/2 - n**2 - 11. Let y(m) be the second derivative of c(m). Calculate y(2).
3
Let p(c) = -9*c**2 - 7*c + 5. Let o(w) = -2*w**2. Let y(g) = -6*o(g) + p(g). Give y(4).
25
Let n be (-46)/8 - (-2)/(-8). Let o(a) = -a**3 - 7*a**2 - 4*a + 5. Give o(n).
-7
Let v = -16 + 15. Let k(l) = 6*l**2 + 1. Calculate k(v).
7
Let n = -9 + 19. Let q(j) = 1 + 2 - 3*j - n*j**2 + 11*j**2. Give q(3).
3
Let f(d) = d - 6. Let b(r) = r - 5. Let m(n) = -3*b(n) + 2*f(n). Determine m(3).
0
Let l(z) be the first derivative of -z**2/2 - z - 1. Suppose -6*w + 5*w - 4 = 0. Calculate l(w).
3
Let f(w) = 3*w + 1. Let v be 0/1 - (5 - 2). Let g = v - -9. Let i = 5 - g. What is f(i)?
-2
Let d(s) = -s**2 - 4*s + 1. Let p = -21 + 16. What is d(p)?
-4
Let m(y) = y**2 + 10*y - 13. Let w(o) = -12*o**2 + 1. Let c be w(1). Calculate m(c).
-2
Let a(g) be the third derivative of -1/2*g**3 - 7/24*g**4 - g**2 - 1/120*g**5 + 0*g + 0. Let v(x) be the first derivative of a(x). Determine v(-4).
-3
Let x(u) = 4*u - 2. Let q = 26 - 28. Determine x(q).
-10
Suppose 6*a = a + 25. Suppose 25 = -3*m + 8*m. Suppose m*p - a - 5 = 0. Let c(v) = 2*v + 2. Calculate c(p).
6
Let r(g) = g**2 + 5*g + 3. Let u be (-2)/(-9) + (-136)/(-36). Let j(l) = -l**2 + 3*l + 1. Let d be j(u). Give r(d).
-3
Let t(u) = 2*u**3 + u**3 - 1 - u**2 - 2*u**3 - 2*u. Let v be (-7)/(-3) + 14/(-42). Let c be v*(-1 + 0 + 2). Determine t(c).
-1
Let o(y) be the first derivative of 2 + 0*y - 1/4*y**4 + 0*y**3 + 1/2*y**2. Calculate o(0).
0
Let f(u) = 4*u**2 + 5*u - 5. Let i(d) = d**2 + d - 1. Let w(n) = f(n) - 5*i(n). Suppose 3*g + 4*y = 7*g - 32, -5*y = -g + 28. Calculate w(g).
-9
Let t(n) = 4*n**2 - 7*n - 4. Let d(y) = y**2 - y + 1. Let i(s) = -2*s - 1. Let v be i(-2). Let a(m) = v*d(m) - t(m). Calculate a(6).
-5
Let l(k) = -k - 13*k + 16*k + 6. What is l(5)?
16
Let v(j) = -7*j - 76. Let d be v(-10). Let h(k) = -5*k**2 + k - k**3 + 7 + k**2 - 2*k**2. Calculate h(d).
1
Let m(u) = u + 3. Suppose 2*i + 7 = -p + i, 4*p = -i - 22. What is m(p)?
-2
Let o(u) = -1 + 2 - 3 - u - 2. Determine o(-6).
2
Let k(l) = 3*l + 5*l - 6*l - 6*l + 1. Give k(4).
-15
Let k = 7 - 3. Let g(p) be the second derivative of p + 0 - 5/6*p**3 + 1/12*p**4 + 2*p**2. What is g(k)?
0
Let t(a) = -4*a + 4*a + 12 - 3 - a. Let s be t(3). Let v(h) = h**3 - 7*h**2 + 10*h - 9. Give v(s).
15
Let p(b) = b + 14. Let w be p(-8). Let s(k) = -k. What is s(w)?
-6
Let v(q) = -q**3 - 5*q**2 - 4. Let r = -7 - -15. Let p = r + -13. Give v(p).
-4
Let 